 d**3 + 18*d**2 + 16*d - 7. Let u be f(-17). Suppose 0 = 5*j - 9 - 6. Suppose 0*i = j*i - 330. What is the highest common factor of u and i?
10
Suppose t - 32 = g, 0 = 3*t + 2*g - 79 - 17. Suppose -2*y + 32 = c + c, -t = -3*c + 5*y. What is the highest common factor of c and 14?
14
Let z(b) = 5*b - 2. Let d be z(3). What is the greatest common factor of 91 and d?
13
Let l be 100/2*(0 + 1). Suppose -5*f + 49 = -h, -3*f + 3 + 30 = 3*h. Calculate the highest common divisor of l and f.
10
Let u be -5 - -2 - (1 + 488). Let f be 2/7 - u/42. Let m be ((-4)/(-6))/(2/252). Calculate the greatest common divisor of m and f.
12
Suppose 3*t - 3 = -3*o + 15, o - 2*t - 3 = 0. Calculate the greatest common divisor of o and 1.
1
Suppose -4*p + 104 = -56. Calculate the greatest common factor of p and 10.
10
Let p = -5 + 3. Let s be (-2)/p*(-132)/(-4). Let b(x) = x**3 + x**2 - x + 1. Let t be b(2). What is the highest common divisor of t and s?
11
Suppose t - 3*d - 59 = d, -2*t = 5*d - 131. Let z be (-18)/(-81) + 688/(-18). Let y = z + t. Calculate the highest common divisor of 50 and y.
25
Let q = -8 + 13. Suppose 0 = q*p - p - 8. Let a = 4 - p. What is the highest common factor of 10 and a?
2
Suppose f + 7 = 10. Let z = -1 - -19. Calculate the greatest common divisor of f and z.
3
Let o(x) = 5*x + 2. Let m be o(-4). Let t be (m/(-10))/(1/5). What is the highest common factor of 81 and t?
9
Suppose p + 2 = 0, -v = -5*p - 23 - 5. Let m = 104 - 68. What is the greatest common divisor of m and v?
18
Let y = -394 + 1122. Suppose 2*z + y = 5*g, -g - 3*z = 3*g - 564. Let b(j) = -6*j**2 + 45*j - 5. Let s be b(7). What is the highest common divisor of s and g?
16
Let l(a) = -a + 9. Let d be l(7). Calculate the highest common divisor of 8 and d.
2
Suppose -2*j - 5*x + 5 = -24, -3*x = -2*j - 11. Calculate the highest common factor of j and 12.
2
Suppose -53 = -5*d + 47. Calculate the greatest common divisor of d and 50.
10
Let r = 60 + -32. Calculate the greatest common factor of 4 and r.
4
Let l = 1 + 14. Calculate the greatest common factor of 30 and l.
15
Let l = -15 - -16. Calculate the highest common factor of l and 8.
1
Suppose -5*q + 170 = 5. Suppose -38 = -2*p + 3*k + q, 12 = 4*k. Suppose -2*g + 3 + 17 = 0. What is the greatest common factor of p and g?
10
Let t be ((-7)/(-21))/(1/51). Calculate the greatest common divisor of 17 and t.
17
Let a = 26 - 36. Let y = 45 + a. Calculate the highest common factor of y and 5.
5
Suppose 0 = 2*j - 99 - 51. What is the greatest common divisor of 15 and j?
15
Let n(r) = r**2 - 2*r. Let g be n(4). Calculate the highest common factor of g and 16.
8
Let k = 78 + -54. Suppose -3*v + 45 + 3 = 0. Calculate the greatest common divisor of v and k.
8
Let f(z) = 2*z + 3. Let c be f(15). Calculate the greatest common divisor of c and 33.
33
Let x(h) = 2*h - 6. Let i be x(4). Suppose 0 = i*w + 5*u - 21, u + 28 = 4*w - 3*u. What is the highest common divisor of 88 and w?
8
Suppose 49 = 2*n - 91. Let m(o) = o**3 - 4*o**2 - 2*o - 1. Let w be m(5). What is the greatest common divisor of n and w?
14
Let o be 2 + 18/3 + -3. What is the highest common divisor of 10 and o?
5
Let o = -48 + 18. Let d = -18 - o. Calculate the greatest common divisor of 60 and d.
12
Let p(x) = -x + 12. Let g be p(7). Suppose -6*y - 3*o + 442 = -4*y, g*y + 2*o = 1116. Calculate the greatest common factor of 28 and y.
28
Let w be 3*4/(-6) - -22. Let h = w - 4. Let g = -70 - -166. Calculate the highest common divisor of h and g.
16
Suppose 5*a + 938 = 6728. Suppose q - 237 = z, -a - 27 = 5*z - q. Let j be 1/7 + z/(-7). What is the highest common divisor of 51 and j?
17
Suppose 115 = -4*w + 275. What is the highest common factor of w and 16?
8
Suppose -3*t - 6 = -57. Calculate the highest common factor of t and 187.
17
Let a(k) = 118*k - 1. Let h be a(1). Suppose -65 = -2*b - 3*b. Suppose b = 3*f - 26. What is the greatest common divisor of f and h?
13
Let z(p) = p**3 - 8*p**2 - 8*p - 11. Let d = 12 + -3. Let l be z(d). Let n(b) = -6*b + 1. Let k be n(l). What is the highest common divisor of k and 13?
13
Let o = 5 - 2. Suppose -o*m - 5 = -41. What is the highest common factor of m and 8?
4
Let w be (5 - 3)/((-2)/(-11)). Suppose w = z + 2. Calculate the highest common divisor of 3 and z.
3
Suppose 2*f - 197 + 53 = 0. Let t = 23 - 14. What is the highest common divisor of f and t?
9
Suppose -1 = -2*r + 5. Suppose 12 = -r*j + 45. Let u = -33 - -66. Calculate the highest common factor of u and j.
11
Let k = 84 - 72. Calculate the highest common factor of k and 108.
12
Let r be (1 - -1 - 3) + 5. Let n be ((-24)/15)/r*-5. Suppose 3*t - 7*t = -3*i + 202, 0 = 3*i + n*t - 196. Calculate the greatest common divisor of 44 and i.
22
Suppose 0*z = z - 10. Calculate the greatest common divisor of 30 and z.
10
Let x = -130 + 232. Calculate the greatest common divisor of x and 34.
34
Suppose 3*r = 4*p + 1341 + 283, -2*r = -p - 1081. Suppose -4*y + r = -3*y. Suppose h - y = -4*h. Calculate the highest common factor of 12 and h.
12
Let h be 532/8*36/21. Calculate the greatest common divisor of 76 and h.
38
Suppose s - 17 = -n, 4*s + 2 = 2*n - 2. Calculate the highest common divisor of 30 and n.
6
Suppose -6*a = -10*a + 120. What is the highest common factor of 20 and a?
10
Let f be 1 + (4 + 0 - 1) + 152. What is the greatest common divisor of 12 and f?
12
Let a(t) = -t**3 - 28*t**2 - 27*t + 15. Let v be a(-27). What is the greatest common factor of v and 165?
15
Let v be (-30)/8*(-80)/6. What is the greatest common divisor of v and 20?
10
Let o be ((-2)/(-6))/(1/3). Let l be ((-192)/(-10))/(o/5). Let j(u) = u**2 + 2*u + 4. Let i be j(-4). Calculate the highest common divisor of l and i.
12
Let f(k) = 2*k**2 - 4*k + 8. Let m be f(10). What is the highest common factor of 21 and m?
21
Suppose -5*d = 15, j - 5*d = -12 + 37. Suppose y - 135 = -5*k, -k = -0 - 5. What is the highest common divisor of y and j?
10
Suppose 4*k - 118 = -2*z, 52 = k - 2*z - 2*z. Suppose -8 = 3*a - k. Calculate the greatest common factor of a and 4.
4
Let u(t) = 2*t + 112. Let m be u(25). What is the highest common divisor of m and 54?
54
Let h be 7 - 171/27 - 148/(-3). Calculate the highest common divisor of 250 and h.
50
Let x = 12 - 7. Let f(i) = 2*i + 7. Let n be f(x). What is the highest common factor of 17 and n?
17
Suppose 0 = 2*i + r - 53, -i - 3*r = -15 - 19. Let n be 76 + -1*(-3)/(-3). Calculate the highest common divisor of i and n.
25
Let p(r) = -r**3 - 18*r**2 + r + 4. Let s be p(-18). Let j = s + 39. Calculate the greatest common divisor of j and 10.
5
Let y(p) = -p**2 - 11*p - 3. Let b be y(-5). What is the greatest common divisor of 243 and b?
27
Suppose 3*r - 6 + 0 = 0. Let k(c) = -2*c + 8. Let n be k(3). What is the greatest common divisor of r and n?
2
Let u be (-3 - -1) + 3*4. Let k(q) = -q**2 + 9*q + 11. Let m be k(u). What is the highest common factor of 1 and m?
1
Suppose -5*k + 127 = o, -10 = k - 3*o - 29. Suppose 4*b - 2*g = -148, -3*b - 41 - 56 = 2*g. Let a = -25 - b. Calculate the highest common factor of a and k.
5
Let g(m) = -m**3 + 6*m**2 + 7*m - 15. Let c be g(6). What is the greatest common divisor of 3 and c?
3
Let q be 4/14 - (-5550)/175. Calculate the greatest common factor of 256 and q.
32
Let f(c) = 2*c**2 - 18*c - 7. Let m be f(14). What is the highest common divisor of m and 19?
19
Let l be 1/2 - (-98)/(-4). Let m = l - -69. Calculate the highest common divisor of m and 18.
9
Suppose a + 0*a - w - 19 = 0, -4*a - 4*w + 44 = 0. Calculate the greatest common divisor of 60 and a.
15
Suppose 0*o + 105 = 5*o. Suppose -v - 4*r = -22, v - 6 - o = -5*r. Suppose v*l = -4*z + 30, z + 5*l - 7 = 14. What is the highest common divisor of 2 and z?
2
Suppose d - 2 = 2. Let j be (20/7)/(d/28). What is the greatest common divisor of 4 and j?
4
Suppose -21*k + 723 = 72. Let s = -318 + 473. Calculate the highest common factor of s and k.
31
Let h(f) = -3 - 4 + 2*f - 2. Let m be h(7). Suppose j = 2*v + 36 - 5, 2*v = -m*j + 179. Calculate the highest common factor of j and 14.
7
Suppose p = -2*p + 90. Calculate the highest common divisor of p and 6.
6
Let c(q) = -q**2 - 13*q - 9. Suppose -3 = u + 7. Let l be c(u). What is the highest common factor of 7 and l?
7
Suppose 5*i = -0*i. Let a(g) = 